t o(y) = y**3 - 13*y**2 + 4*y - 7. What are the prime factors of o(u)?
3, 5
Let t(l) = -2*l + 3. Suppose 3*w = -3*w. Suppose -2*x + w*x = 38. What are the prime factors of t(x)?
41
Let y be (-8)/36 + 29/9. Let d(u) = 79*u - 6. List the prime factors of d(y).
3, 7, 11
Suppose -2*w = 7*c - 9119, 5*w - 21950 = 4*c + 740. What are the prime factors of w?
2, 3, 757
Let n = 1969 + 661. List the prime factors of n.
2, 5, 263
Let d be (-51)/((-3)/6 + -2 + 1). Suppose 6*j - 128 = d. What are the prime factors of j?
3
Let n(w) = -9*w - 8. Let q be n(-11). Let v be q + -2 + (-1 - -1). Suppose 11 - v = -3*u. What are the prime factors of u?
2, 13
Suppose -5*b + 9*k + 2477 = 6*k, -3*k + 3 = 0. List the prime factors of b.
2, 31
Let d(b) = -b + 3. Let s be d(0). Let m be s*(-3 + 8/6). What are the prime factors of m/(-15) - 56/(-3)?
19
Let b(j) = 6*j**2 + 67*j - 2. List the prime factors of b(-19).
3, 11
Let x(g) = -g**3 + 11*g**2 - 9*g - 8. Let o be x(10). Suppose 2*a - 78 = o*b, 3*a = a - b + 81. What are the prime factors of a?
2, 5
Let j be (-9 + 2)*30/7. Let q be 2/5*1*j. Let t = q - -17. List the prime factors of t.
5
Suppose 0 = 105*h - 129*h + 12792. List the prime factors of h.
13, 41
Suppose -22 = 3*v - 70. Suppose 4*c - v = -k + 3*k, 5*c = 5. Let x = 12 + k. What are the prime factors of x?
2, 3
What are the prime factors of 194140/153*45/10?
2, 5, 571
Suppose 6*h = 2*h. Suppose h*t + 2*t = 292. Suppose 2*n = 2*r + n - t, 5*n = -3*r + 219. What are the prime factors of r?
73
Let o = 6 - 17. Let n(c) = c**3 + 10*c**2 - 11*c - 14. Let y be n(o). List the prime factors of (32/6)/(y/(-63)).
2, 3
Suppose -12*l - 696 = -2*n - 10*l, -5*n = -3*l - 1740. What are the prime factors of n?
2, 3, 29
Let b = -94 - 18. Let i = 194 + b. List the prime factors of i.
2, 41
Let n(p) = 5*p + 25. Let l be n(-5). What are the prime factors of (0 + (l/2 - -1))*122?
2, 61
Suppose 3*j = -2*v - j + 34, -5*v - 4*j + 73 = 0. List the prime factors of 0/2 + (v - 5).
2
Let p be ((-9)/(-4))/(3/8) + -1. Suppose 10*z = p*z + 50. What are the prime factors of z?
2, 5
Let a(k) = 4*k**2 - k - 5. Suppose -j - 5*t = -3 - 3, -4*j + t - 18 = 0. What are the prime factors of a(j)?
3, 7
Let k(b) be the first derivative of -b**3/3 + 4*b**2 - 4*b + 6. Let c be k(7). List the prime factors of c - -1*(9 - 4).
2
Let m(b) = -12*b + 260. Let q be m(0). Suppose -3*x = -5*h - q, x + 3*h = 2*h + 92. What are the prime factors of x?
2, 3, 5
What are the prime factors of -4 - (-5 + 0 + 127)*-18?
2, 137
Let q be 756/72*48/9. Let s = -70 - -150. Let n = s - q. List the prime factors of n.
2, 3
Suppose -3*y + 605 = w - 89, -4*y = -4*w + 2728. What are the prime factors of w?
5, 137
Let q(l) = -l**2 + 2*l + 2. Let v(s) = -8*s**2 + 6*s + 6*s**3 - 1 - 2*s - 5*s**3 + 4*s**2. Let u be v(3). List the prime factors of q(u).
2
Let k be 18/(-6)*(-3 + 2). What are the prime factors of ((-36)/(-48))/(k/16)?
2
Let l = -597 + 1593. What are the prime factors of l?
2, 3, 83
Let x(n) = 486*n + 32. List the prime factors of x(3).
2, 5, 149
Let p(f) = -f**3 - 10*f**2 - f + 2. Let i be p(-10). What are the prime factors of (-12)/10*(-560)/i?
2, 7
Let a = -313 - -887. List the prime factors of a.
2, 7, 41
Suppose -13 - 38 = 3*m + 4*w, -5*w = 3*m + 48. Let y = -21 - m. Suppose -6 = -2*j, 2*c = j - y*j + 49. List the prime factors of c.
2, 13
Let k(o) = 3*o + 15. Let g(v) = 1. Let p(a) = 15*g(a) - k(a). Let d be p(-2). What are the prime factors of -6*(-3)/d + 18?
3, 7
List the prime factors of 546 - (2 - (3 - 3)).
2, 17
What are the prime factors of (-297)/66*(160/(-3))/1?
2, 3, 5
List the prime factors of 1*(-1 - 6 - -2274).
2267
Let h be 5/1*(0 + 1). Suppose 28 = 3*y + 19. Suppose y*p - 148 = -h*z, p + p - 24 = -z. What are the prime factors of z?
2
Suppose 0*v = -4*v + 16. Let x(b) = -1 - 4*b + 3*b**2 + 0 + 4. What are the prime factors of x(v)?
5, 7
Suppose 119*q = 8275 + 268162. List the prime factors of q.
23, 101
Let f(b) = 25*b**2. Let c be f(2). Let h = -47 - 7. Let z = c + h. What are the prime factors of z?
2, 23
Suppose 12 = -x + 5*x. Suppose x + 41 = v. What are the prime factors of v?
2, 11
Suppose 0 = -5*v - 8*k + 3*k + 3550, -10*k = v - 683. List the prime factors of v.
23, 31
Let v = -264 + 390. Suppose -24*u - v = -27*u. List the prime factors of u.
2, 3, 7
Suppose 4196 = 7*j + 612. Suppose h + l = 129, 0 = -h - 3*h - 2*l + j. What are the prime factors of h?
127
Let x = 79 + 325. What are the prime factors of x?
2, 101
Suppose 14*r - 18*r + 1024 = 4*a, 0 = -5*r + 4*a + 1280. List the prime factors of r.
2
What are the prime factors of (-109 + 2241)*(-2)/(4/(-3))?
2, 3, 13, 41
Suppose 0 = -3*c + 5*c - 84. Suppose a - 84 = c. Suppose 0 = -3*i + 6*i - a. List the prime factors of i.
2, 3, 7
Suppose -695 = -7*w - 58. Suppose 2*t = 3*o + w, -5*t + 33 = o - 152. List the prime factors of t.
2, 19
Suppose -8*l + 5*l = -2379. What are the prime factors of l?
13, 61
Let y = 8072 + -5313. What are the prime factors of y?
31, 89
Let b = 0 + -1. Let l be (-80)/(-8)*b/(-2). Suppose -k + 22 = 2*i - l*i, -5*i + 24 = 3*k. What are the prime factors of k?
13
Let q be -3 - (-21 - (-8)/4). Let i = 4 - q. What are the prime factors of i/4 + 22 + 1?
2, 5
Let n(s) = -s**3 + 7*s**2 - 2*s + 3. Let q(f) = -f**2 - 5*f + 17. Let c be q(-7). What are the prime factors of n(c)?
3, 11
Suppose -z = -5*z + 32. Let i(x) = 2*x - 8. Let m be i(8). Suppose u - z = m. List the prime factors of u.
2
Let j = 243 + -31. What are the prime factors of j?
2, 53
Suppose -4*c - 3804 = -3*i, 12*c - 10*c + 1268 = i. List the prime factors of i.
2, 317
List the prime factors of 13*((-10)/(-6) + 2944/12).
13, 19
Let b(w) = w**3 + 15*w**2 + 10*w - 57. List the prime factors of b(-8).
311
Suppose -3*l - 14 + 71 = 0. Let w = 16 - l. Let a = 17 + w. What are the prime factors of a?
2, 7
Let j be 0/(-1) + -12 + 13. Let c(o) = o**3 - 1. Let r be c(j). Suppose -5*t + 6*t - 2 = r. List the prime factors of t.
2
Let h = -14 - -16. Suppose 0 = -4*z - h*b - 68, -z - 4*b - 23 = -2*b. Let j = 45 + z. What are the prime factors of j?
2, 3, 5
Let m(t) = t**2 - 5*t + 2. Let u(q) = -3*q**2 + 10*q - 3. Let d(w) = 5*m(w) + 2*u(w). Let h be d(-3). Let n = h + -5. List the prime factors of n.
5
Let m(y) be the first derivative of y**6/360 + y**5/120 - 5*y**4/24 - 3*y**3 + 1. Let z(n) be the third derivative of m(n). What are the prime factors of z(6)?
37
Let s be -4*3/(-24)*28. Let z = s + 5. Let f = 34 - z. What are the prime factors of f?
3, 5
Let w(g) be the third derivative of g**6/120 - g**5/15 - g**4/6 + g**3/6 + g**2 + 7*g. List the prime factors of w(5).
2, 3
Suppose z + 23 = 21. Let f(j) = -26*j - 7. List the prime factors of f(z).
3, 5
Let i = 7109 - 4166. List the prime factors of i.
3, 109
Let y be 52 + 1 + 0 + 1. Suppose 0 = 3*i - y - 195. Suppose -5*l + i = -112. List the prime factors of l.
3, 13
Suppose 8 = 5*y - 3*s, -y + 6*y + 5*s = 40. Suppose -y*g = -2*g - 44. Let u = g - 13. List the prime factors of u.
3
Let x(p) = 5*p**2 - 7*p - 130. List the prime factors of x(-20).
2, 3, 5, 67
Suppose -6*q = 2*q + 3*q. Suppose d - 246 = -5*w, 0 = -w - q + 3. What are the prime factors of d?
3, 7, 11
Suppose 4*y - 633 = -v, -v + 623 = -2*y + 4*y. List the prime factors of v.
613
Let i = -159 - -423. What are the prime factors of i?
2, 3, 11
Let u(y) = -y**3 + 5*y**2 - 4*y + 6. Let r be u(4). Suppose -r*i - 162 = -564. What are the prime factors of i?
67
Let o(n) = n**2 + 5*n - 3. Let b be o(-6). Suppose -2*c = 2*m - 0*c, 0 = -m - b*c - 6. What are the prime factors of m/15 + 224/5?
3, 5
Let d be (-2)/(-8) + 33/12. Suppose d*u - u = -8. List the prime factors of 3 - (-6)/(u/(-4)).
3
Let q be (-1)/2 + 4 + (-5900)/(-8). Suppose 0 = 11*n + 2*n - q. What are the prime factors of n?
3, 19
Let l(b) = 267*b + 1. Let j be l(1). Let c = j + -165. What are the prime factors of c?
103
Let x(i) = 2*i - 8 - 7*i**2 + i**3 - 7*i + 2*i - 4*i. List the prime factors of x(9).
7, 13
Let u be (24/(-20))/((-6)/(-40)). Let h(d) = -7*d**2 - 7*d - 18. Let k(g) = g**2 + 1. Let v(a) = -h(a) - 6*k(a). What are the prime factors of v(u)?
2, 5
Let u be -2 - (41 + -1)/(-4). List the prime factors of ((-4)/u)/((-4)/816*1).
2, 3, 17
Let k(h) = h**3 + 6*h**2 + 3. Suppose -3*s = 15, -4*r - 13 +